(y)?
2, 43
Let v(m) = -6*m - 63. Let r be v(-10). List the prime factors of 429/1*(8/(-4) - r).
3, 11, 13
Let t(r) = r**3 - 5*r**2 - 4*r + 52. Let d be t(6). Suppose d*i = 70*i - 4314. What are the prime factors of i?
719
Let g(r) = -52 - 6*r + 25 + 17. Let n be g(-7). Let a = 101 - n. What are the prime factors of a?
3, 23
Suppose 3*j + v = 4780, -j + 2*v = 3*v - 1596. Suppose 5*m - j = -4*d - 0*d, -5*d - 650 = -2*m. What are the prime factors of m?
2, 5
Let d(o) = 181 + 31 + 123 + 3*o - 83. Let c be d(0). Suppose 0*z = -4*z + c. What are the prime factors of z?
3, 7
Let w(r) = 2804*r - 2967. List the prime factors of w(5).
7, 1579
Let g = -34 + -32. Let d = g - -62. Let r = d - -168. What are the prime factors of r?
2, 41
Let g(b) = 15*b - 5. Let s be g(1). Suppose -38 = s*a - 798. What are the prime factors of 4/(-10) - -38*a/20?
2, 3
Let a(i) = -i**3 + 12*i**2 - 10*i - 16. Let u = -53 + 41. Let l be (-156)/u - 1*4. List the prime factors of a(l).
137
Let t(x) = 10*x**3 + 2*x**2 + 2*x. Let v be t(3). Suppose -3*z + 6*z - 1242 = 0. Let k = z - v. What are the prime factors of k?
2, 3, 5
Let x be ((-9)/(-54)*0)/(-4). Let n = 10 + -6. List the prime factors of 109 + 12 - (x - 0 - n).
5
Let y(c) = -c**3 + 14*c**2 - 11*c - 28. Let q be y(13). What are the prime factors of ((-1)/q)/(1/394)?
197
Let g = 25110 + 24983. What are the prime factors of g?
50093
Let f be -7*(1 - (-5 + -21)). Let o = f - -386. What are the prime factors of o?
197
Suppose -44710 = -8*f - 162*f. Let h(v) = -4*v + 1. Let b be h(-1). Suppose -b*t + 267 = -f. What are the prime factors of t?
2, 53
Let g = 27 + -31. Let d be 2/(-4)*(4 + -36). Let o = d - g. List the prime factors of o.
2, 5
Suppose 2*g + 2*u = 8740, -10*g + 15*g - u = 21826. List the prime factors of g.
2, 37, 59
Suppose -766*v - 766*v = -1535*v + 117891. What are the prime factors of v?
3, 13099
Let q(m) = m**3 + 15*m**2 - 35*m - 19. Let o be q(-17). Let x be 244 + (-6)/(-4 - o). Suppose 0 = 6*d - 23 - x. What are the prime factors of d?
3, 5
Let k(c) = -158*c**3 - 4*c**2 - 7*c - 4. Let q be k(-2). Suppose 28*n = 26*n + q. What are the prime factors of n?
17, 37
Let c = 124569 + -50457. List the prime factors of c.
2, 3, 193
Suppose r + 3*t - 10 = 0, 7*r - 3*r = -3*t + 22. Suppose -2*m - 3*j = -31, -2*m = -r*j - 1 - 9. Suppose m*y - 276 = 7*y. List the prime factors of y.
3, 23
Let s(g) = 2675*g - 690. List the prime factors of s(3).
3, 5, 163
Suppose 5*k - 51519 = 4*g, 19 = -g + 23. What are the prime factors of k?
11, 937
Suppose 4*o + 1 + 7 = 0, -25 = -u - 3*o. Suppose 3*f = -3*y - f + 3, u = 5*y - 2*f. Suppose y*c - 906 = -c. What are the prime factors of c?
151
Let q = 467 - 455. Suppose q*s - 8*s = -20, -w - 4*s + 435 = 0. What are the prime factors of w?
5, 7, 13
Let u be 245 + (-6)/(3/1). Suppose 516 = 2*h + 4*a, -h + a = -0*a - u. What are the prime factors of h?
2, 31
Let o(n) = -2*n**2 - 42*n - 35. Let k be o(-20). Suppose -4509 = -k*b - 1704. List the prime factors of b.
3, 11, 17
Let d = 50 - 28. Let v be (2*3)/(33/d). Suppose 5*c + 5*k - 643 = 4*k, -v*k + 508 = 4*c. What are the prime factors of c?
3, 43
Let w = 137 - -100. Suppose 0 = -38*i + 45*i + 770. Let q = w + i. List the prime factors of q.
127
Let s(t) = t**3 - 4*t**2 + 3*t + 30. Suppose -k = -4*i - 6, 0 = -5*k + 2*i - 7*i + 55. What are the prime factors of s(k)?
2, 3, 5, 11
Let w = 18 + -16. Suppose -15 = 5*q + z, w*q + 5*z - 1 = -30. What are the prime factors of (140 - 3) + (q - 1 - -1)?
3, 5
Suppose 0 = y - 125 - 197. Suppose -k + 2107 = 5*o, -2*o - 4*k = -227 - 605. Suppose 5*a + 4*r - o = 0, -4*a - r = -3*r - y. List the prime factors of a.
2, 41
Suppose 6*w = 3*w + 15. Suppose 2*u - 3*n - 2 = 0, 2*u - 3*u + 2*n = 0. Suppose u*j + q - 224 + 61 = 0, w*q = -5. What are the prime factors of j?
41
Let z(i) = 2*i**2 - 38*i - 1316. List the prime factors of z(-56).
2, 7, 11, 23
What are the prime factors of 26072 - (0 + (-15)/25 + 119/(-35))?
2, 3, 41, 53
Let u(v) = 37*v**2 + 4. Let q be u(2). Let a be 5*(1224/15 - -5). Let r = a - q. List the prime factors of r.
281
Suppose -4*q + 3*c = 138, -2*q + 6*c - 2*c = 64. Let v be 238/8 + q/48. Let n = v + 64. What are the prime factors of n?
3, 31
Suppose -2*j - 4956 + 24790 = 4*s, 3*s + 2*j - 14875 = 0. What are the prime factors of s?
3, 19, 29
Let l = 12653 + -11428. What are the prime factors of l?
5, 7
Let y = -2972 + 10904. What are the prime factors of y?
2, 3, 661
Let m(x) = 690*x**2 + 2334*x + 1. List the prime factors of m(-9).
5, 6977
Let z(x) = 140*x + 42. Let k(d) = -5*d**2 + 12*d + 2. Let n be k(2). What are the prime factors of z(n)?
2, 3, 7
Let m = -216 - -218. Suppose -v + m*t = -329, -6*v + 1303 = -2*v + 5*t. What are the prime factors of v?
3, 109
Let k be (-5 - -1) + -396 + 32. Let j = k + 708. What are the prime factors of j?
2, 5, 17
Let w be 12 - (-2 - -3)*-2. Let l(r) = -44*r**2 - 46*r**2 - 53*r**2 - 30*r + 1 - 40*r**2 + 186*r**2. List the prime factors of l(w).
13
Suppose 44016 + 114691 = 19*p. What are the prime factors of p?
8353
Suppose -1866*r = -1859*r - 21. Suppose r*z - 500 = 2398. List the prime factors of z.
2, 3, 7, 23
Let c be ((-5 - 1)/(-12))/(2/(-12)). Let d be ((0 - (1 + c)) + 3)*-1. What are the prime factors of d/(5/2) + 97?
5, 19
Let i(r) = 592*r**2 + 61*r + 7. What are the prime factors of i(3)?
2, 31, 89
Let l(i) = -i**2 + 3*i + 6. Let u be l(4). Let v be (-1)/(-4) - 90/(-24). Suppose z - 6 = -2*z - 5*b, z + v*b = u. List the prime factors of z.
2
Let v = -227 - -556. Let d = 640 - v. What are the prime factors of d?
311
Suppose -11*t - 32 = -7*t. Let n be t/(-32) - 10*3/(-8). Suppose 2*f + 407 = 5*q, n*f + 238 = 4*q - 78. List the prime factors of q.
83
Let j be (-14)/21 + 2 + (-106)/(-6). Suppose -694 = -2*h + j*i - 16*i, -h + 345 = -2*i. List the prime factors of h.
353
Suppose 3*r + 32114 = 5*f - 13434, 27288 = 3*f + 5*r. What are the prime factors of f?
2, 29, 157
Let d be -15*(-44)/(4 + (-56)/20). List the prime factors of 2/(8/d) - (-2)/4.
2, 3, 23
Suppose -16405 = -5*t + 5*o, -44*t + 47*t + 4*o = 9864. What are the prime factors of t?
2, 821
List the prime factors of (9 + (-1156)/(-20))/((-3)/(-1260)).
2, 3, 7, 167
Suppose 3*s - 6 = 4*s. Let g(a) be the first derivative of a**2/2 + 11*a + 27. List the prime factors of g(s).
5
Let s(y) = -40 + 71 - 40 - 22*y. Let l be s(-20). Let v = -237 + l. What are the prime factors of v?
2, 97
Let g = -366 - -548. Let l = 510 - g. Let n = -183 + l. What are the prime factors of n?
5, 29
Suppose -131 = 2*w + h, 0 = -3*h - 2 - 1. Let u = w - -68. Suppose -2*y + 4*o + 118 = 0, y + u*o + 19 = 83. What are the prime factors of y?
61
What are the prime factors of (-4)/24*6*1382*(-12)/8?
3, 691
What are the prime factors of 641404/14 + 628/(-1099)?
2, 22907
List the prime factors of (5398/(-2))/(2*(-1)/2).
2699
Let o(i) be the third derivative of -107*i**4/12 + 155*i**3/6 - 136*i**2. List the prime factors of o(-3).
797
List the prime factors of 28/12 - 2588005/(-105).
2, 5, 17, 29
Let b(u) = -149*u**3 - 9*u**2 - 10*u - 20. What are the prime factors of b(-4)?
2, 13, 181
Suppose -5*w - 8287 = -5*i - 1082, 4*i - 2*w - 5754 = 0. What are the prime factors of i?
2, 359
Suppose -2*v = -v + 4*v. Suppose v = 20*f - 26*f + 390. What are the prime factors of f?
5, 13
What are the prime factors of 3229035/765 - 32/(-816)?
3, 7, 67
Let u(c) = -10*c - 41. Let g = 110 - 124. What are the prime factors of u(g)?
3, 11
Suppose -28*h + 31*h = -153. Let f = h - -54. Suppose 133 = i + 4*b, i = -f*b + 5*b + 133. List the prime factors of i.
7, 19
Let z(q) = -q**2 + 12*q + 26. Let p(n) = n - 1. Let y(f) = -5*p(f) - z(f). Let d be y(18). What are the prime factors of (-14 - -11)/(d/34)?
2, 17
Let w(l) = -13408*l - 6019. What are the prime factors of w(-4)?
3, 59, 269
List the prime factors of (5905 + 8 - 8) + -10.
3, 5, 131
Let q = 4631 + -3212. Suppose k = 3*m + 3*k - q, -4*k = 5*m - 2363. What are the prime factors of m?
5, 19
Let g = -108 - -112. Suppose 5*t + 7 = -g*v - 11, 6 = -3*t. List the prime factors of 999/15 + v/25*-5.
67
Let s(y) = 28*y + 212. Suppose f = 21*k - 26*k + 130, 0 = -3*k + 2*f + 91. What are the prime factors of s(k)?
2, 11
Let p(l) = -12*l - 3. Let h be p(-1). Suppose 2723 = h*u - 688. What are the p